*c - 400. What is h(-141)?
23
Let b(a) = a**2 + 138*a + 4436. Give b(-51).
-1
Let h(f) = f**3 - 117*f**2 + 875*f - 351. Determine h(109).
-24
Let j(y) = -27*y + 508. Calculate j(20).
-32
Let w(o) = -179*o + 911. Give w(5).
16
Let d(m) = -26*m - 43. Calculate d(-3).
35
Let i(l) = l**3 - 22*l**2 + 11*l + 207. Give i(21).
-3
Let x(b) = -230*b - 39. Calculate x(-3).
651
Let a(c) = 2*c**3 + 20*c**2 + 111*c + 1119. Determine a(-10).
9
Let b(q) = -151*q + 6933. What is b(46)?
-13
Let o(i) = -8*i**2 - 1032*i + 1044. Give o(-130).
4
Let g(x) = -61*x + 524. Calculate g(10).
-86
Let c(i) = 2*i**2 + 93*i - 1191. Determine c(-57).
6
Let s(o) = 10*o**3 + o**2 + 85*o + 85. Give s(-1).
-9
Let o(k) = -k**3 + 18*k**2 - 6*k + 169. Calculate o(18).
61
Let b(h) = 73*h - 960. Calculate b(13).
-11
Let j(f) = f**3 + 17*f**2 + 17*f + 232. Determine j(-17).
-57
Let i(k) = k**2 + k - 78. Calculate i(11).
54
Let b(s) = 3077*s + 27694. Calculate b(-9).
1
Let a(k) = k**3 + 9*k**2 - 14*k + 3. Calculate a(-10).
43
Let x(q) = q**3 - 13*q**2 - 63*q + 782. What is x(15)?
287
Let p(v) = 3*v**2 + 102*v - 246. Give p(-38).
210
Let t(o) = -39*o + 488. Give t(10).
98
Let y(g) = -g**2 + 64*g - 607. What is y(53)?
-24
Let r(b) = -10*b**3 - b**2 + 276*b + 276. Calculate r(-1).
9
Let w(k) = -k**3 - 8*k**2 - 63*k - 310. What is w(-6)?
-4
Let s(f) = 2*f**2 - 79*f - 338. Determine s(-4).
10
Let c(b) = -b**3 - 17*b**2 + 66*b + 1332. What is c(-16)?
20
Let i(a) = -a**3 - 72*a**2 + 143*a + 289. What is i(-74)?
659
Let u(d) = -4*d**3 + 64*d**2 - 59*d - 15. Calculate u(15).
0
Let m(p) = 2*p**3 - 11*p**2 - 4*p - 8. Calculate m(6).
4
Let a(o) = 32*o**2 + 122*o - 23. What is a(-4)?
1
Let k(v) = 3*v**2 + 277*v + 499. What is k(-91)?
135
Let m(c) = -540*c - 1402. Determine m(-3).
218
Let n(t) = -2*t**2 - 58*t - 108. Calculate n(-23).
168
Let d(m) = m**3 + 7*m**2 + 2037*m + 12188. Give d(-6).
2
Let a(r) = -2*r**3 - 36*r**2 - 29*r + 82. Determine a(-17).
-3
Let c(m) = -1049*m + 2085. Determine c(2).
-13
Let m(g) = -3*g**2 + 47*g - 46. Give m(12).
86
Let b(f) = -f**3 - 8*f**2 + 76*f - 100. What is b(-14)?
12
Let a(w) = 330*w + 136619. Calculate a(-414).
-1
Let w(i) = 2*i**3 - 37*i**2 + 18*i - 47. Determine w(18).
-47
Let g(k) = k**2 - 19*k - 1667. Calculate g(-32).
-35
Let x(d) = -3*d**2 + 16*d + 319. What is x(-8)?
-1
Let h(k) = 159*k + 2517. Calculate h(-16).
-27
Let c(w) = -w**2 - 10*w - 94. Calculate c(-10).
-94
Let f(b) = -b**3 - 45*b**2 + 94*b - 2405. Calculate f(-48).
-5
Let k(t) = 6*t**2 - 605*t - 90. Give k(101).
11
Let k(i) = -669*i - 6872. Determine k(-10).
-182
Let g(v) = -299*v + 1193. Determine g(4).
-3
Let q(v) = -2*v**3 - 5*v + 41. What is q(0)?
41
Let h(s) = 115*s - 1110. What is h(9)?
-75
Let s(c) = -4*c**3 + 67*c**2 + 24*c - 103. Give s(17).
16
Let d(r) = 476*r - 15681. What is d(33)?
27
Let z(b) = -2*b**2 - 19*b - 27. Give z(-8).
-3
Let s(c) = -c**2 + 63*c - 10. Give s(63).
-10
Let l(p) = p**3 - 40*p**2 + 9*p - 80. What is l(40)?
280
Let r(v) = v**3 + 3*v**2 - 5. Determine r(-3).
-5
Let p(y) = 57*y + 8. Determine p(0).
8
Let i(g) = g**2 - 25*g + 52. What is i(15)?
-98
Let h(d) = -12*d - 45. Determine h(49).
-633
Let f(c) = 47*c - 1061. Give f(19).
-168
Let z(a) = a**3 + 20*a**2 - 92*a - 1494. Determine z(-21).
-3
Let r(z) = z**3 + z**2 - 7*z + 21. Calculate r(3).
36
Let q(p) = -p**3 - 28*p**2 - 112*p + 94. Calculate q(-23).
25
Let b(s) = 3*s**2 - 36*s - 632. Calculate b(22).
28
Let t(k) = k**3 - 21*k**2 + 110*k. What is t(8)?
48
Let j(v) = -v**3 - 8*v**2 + 49*v - 22. Determine j(-12).
-34
Let m(i) = 4*i**2 - 20*i + 83. What is m(6)?
107
Let q(t) = -1950*t - 1953. Give q(-1).
-3
Let o(c) = -c**2 - 30*c - 346. Determine o(-29).
-317
Let t(a) = a**3 - 23*a**2 - 106*a + 718. What is t(26)?
-10
Let i(j) = -2*j**3 + 74*j**2 + 9*j - 322. Determine i(37).
11
Let p(v) = -6*v**3 + v**2 + 18*v - 32. Determine p(2).
-40
Let i(o) = o - 411. Determine i(-46).
-457
Let w(v) = 4*v**3 - 74*v**2 - 147*v + 4. What is w(-2)?
-30
Let x(c) = 14*c - 64. What is x(8)?
48
Let r(d) = -d**3 + 5*d**2 + 25*d - 129. Give r(5).
-4
Let w(r) = -r**3 - 5*r**2 + 11*r - 25. Calculate w(-6).
-55
Let q(a) = a**3 + 13*a**2 - 17*a - 15. What is q(-13)?
206
Let m(l) = 36*l - 1326. Give m(37).
6
Let p(x) = -2*x**3 + 9*x**2 + 79*x - 266. Determine p(3).
-2
Let a(j) = -3*j**3 - 21*j**2 + 6*j + 64. Determine a(-7).
22
Let g(z) = -6*z**2 - 24*z - 2. Calculate g(-4).
-2
Let j(r) = 4*r**2 - 122*r + 737. Determine j(6).
149
Let v(a) = a**2 + 93*a + 2133. What is v(-46)?
-29
Let o(l) = -2*l**2 + 87*l + 250. What is o(47)?
-79
Let i(f) = f**3 + 26*f**2 + 16*f + 402. What is i(-26)?
-14
Let d(j) = -2*j**2 + 101*j + 83. Give d(52).
-73
Let p(r) = -r**3 - 9*r**2 - 32*r - 98. Calculate p(-5).
-38
Let u(v) = -76*v + 2578. Give u(34).
-6
Let a(z) = z**3 - 103*z**2 + 106*z - 421. What is a(102)?
-13
Let x(j) = 23*j - 409. Give x(18).
5
Let a(m) = -9*m**3 - 2*m**2 - 1023*m + 1025. What is a(1)?
-9
Let p(b) = -2*b**3 - 43*b**2 - 26*b + 28. What is p(-21)?
133
Let o(q) = q**2 + 10*q - 80. Determine o(-17).
39
Let u(z) = -6*z - 17. Determine u(-6).
19
Let y(z) = -230*z + 2074. Calculate y(9).
4
Let o(t) = -t**3 + 52*t**2 - 238*t + 101. Calculate o(47).
-40
Let x(u) = 2*u**2 - 69*u - 667. Give x(-8).
13
Let d(m) = 28*m + 959. Determine d(-34).
7
Let r(p) = 64*p + 298. Calculate r(-5).
-22
Let z(p) = -76*p + 829. Give z(11).
-7
Let m(d) = d**3 - 7*d**2 - 115*d - 74. Determine m(15).
1
Let u(z) = z**3 + 6*z**2 - 12*z - 60. Determine u(-6).
12
Let f(k) = -k**3 + 18*k**2 + 86*k + 37. Calculate f(22).
-7
Let r(u) = -82*u**2 + 10413*u + 126. Give r(127).
-1
Let h(p) = 2*p**3 + 21*p**2 + 46*p. Determine h(-8).
-48
Let h(o) = 3*o**3 - 251*o**2 - 82*o - 146. What is h(84)?
22
Let a(z) = 5*z**3 + z**2 - 7*z + 22. Give a(3).
145
Let q(y) = -12*y**2 - 925*y + 848. Determine q(-78).
-10
Let t(f) = 132*f + 122. Give t(-1).
-10
Let t(l) = 11*l**2 + 5*l + 11. Give t(6).
437
Let o(z) = 7*z**2 + 32*z + 9. Determine o(6).
453
Let j(m) = 3*m**2 - 4*m + 13. Determine j(2).
17
Let c(k) = k**3 + 5*k**2 - 31*k - 16. Calculate c(-10).
-206
Let q(u) = -2*u**3 - 45*u**2 - 56*u + 150. Calculate q(-21).
3
Let h(a) = -a**3 - 6*a**2 - 35*a - 130. Determine h(-4).
-22
Let i(x) = -17*x + 22. Give i(3).
-29
Let f(q) = 6*q**2 + 44*q + 24. Determine f(-7).
10
Let y(p) = -2*p**2 - 130*p - 1229. Calculate y(-55).
-129
Let p(l) = -l**2 - 63*l + 81. What is p(-64)?
17
Let p(l) = 3*l**3 - 115*l**2 + 28*l + 408. What is p(38)?
28
Let s(q) = q**2 - 5*q + 16. What is s(-7)?
100
Let u(v) = v**3 + 7*v**2 - 590*v - 47. Determine u(-28).
9
Let j(q) = 3898*q - 35. Give j(0).
-35
Let k(x) = -4*x**2 - 17*x + 53. What is k(5)?
-132
Let o(a) = -a**3 + 49*a**2 - 43*a - 42. What is o(48)?
198
Let w(l) = -247*l + 4193. Determine w(17).
-6
Let d(m) = 4*m + 167. What is d(-30)?
47
Let u(q) = 72*q - 34. What is u(-1)?
-106
Let r(o) = 83*o + 405. Determine r(-3).
156
Let n(p) = -1943*p + 97150. Give n(50).
0
Let l(p) = -2*p**3 - 4*p**2 - 15*p - 12. Calculate l(-1).
1
Let z(v) = 4*v**3 + 34*v**2 - 240*v - 22. Calculate z(-13).
56
Let i(b) = b**2 - 11*b + 55. Determine i(0).
55
Let s(x) = 3378*x - 10147. Determine s(3).
-13
Let l(d) = 9*d - 82. Give l(5).
-37
Let i(f) = 5*f**2 - 151*f - 321. Calculate i(32).
-33
Let a(u) = u**2 + 26*u - 55530. Determine a(-249).
-3
Let r(i) = -141*i - 1121. What is r(-8)?
7
Let s(d) = -3*d**2 - 76*d + 524. What is s(8)?
-276
Let t(y) = -y**2 - 25*y + 323. What is t(10)?
-27
Let l(h) = 1182*h + 3548. Calculate l(-3).
2
Let l(w) = 340*w**2 + 12*w - 11. What is l(1)?
341
Let f(n) = 3*n**3 + 6*n**2 + 58*n + 192. What is f(-4)?
-136
Let b(c) = 3*c**2 + 199*c + 65. Calculate b(-66).
-1
Let c(d) = -28*d - 320. Calculate c(-9).
-68
Let g(m) = 13*m**2 - 42*m - 3. Give g(4).
37
Let d(o) = -o**3 + 77*o**2 + 679*o + 91. Give d(85).
6
Let v(d) = d**3 - 6*d**2 + 15*d - 153. Give v(6).
-63
Let b(o) = -19*o + 45. Determine b(3).
-12
Let v(d) = 2*d**2 + 798*d - 6508. Give v(8).
4
Let c(b) = b**2 + 159*b + 3460. What is c(-26)?
2
Let m(g) = 25*g**2 + 15*g + 3. Determine m(-2).
73
Let v(x) = -2445*x + 12214. What is v(5)?
-11
Let c(a) = -a**3 + 2*a**2 + 37*a - 5. Give c(7).
9
Let x(u) = 44*u - 392. Calculate x(9).
4
Let v(r) = -r**2 + 18*r + 77. Determine v(30).
-283
Let w(q) = 50*q - 